+ (56 + -8 - 1).
59
Evaluate 22 + (45 - 58 - -51) + -41.
19
Evaluate 26 - (12 + 5 - 29 - -13).
25
Evaluate -163 - (2 + 0 + -2) - (-115 + -398 + 498).
-148
What is the value of (6 + (18 - 5) + -9 - 6) + 14 + -21?
-3
What is -162 - (-139 - 1 - 44)?
22
What is the value of -75 + -58 + 163 + -61?
-31
Evaluate (-315 - -295 - (-26 + 1)) + (-2 + -2 - -75).
76
Calculate -50 + 2 + (147 - 135).
-36
Evaluate (-48 - -1) + (63 - 57) + 25.
-16
Evaluate -82 - -146 - (17 + 3 + 3).
41
What is 12 + (25 - 1) + 34 + -163?
-93
Calculate -2 - (-55 - (-19 + 20)).
54
What is 0 - 6 - ((-8 - -95) + -35 + -33)?
-25
What is -19 - (9 + (-81 - 0 - (-88 + 79)))?
44
-9 - (3 + -11 + (-18 + 13 - 5))
9
Calculate 1 + -17 + (9 - (-8 - -13)) - 24.
-36
Evaluate 94 - (-80 + (-68 - -122)).
120
What is 7 - (-22 - (33 - 21 - 36))?
5
What is the value of -29 - (74 + -28 + -84)?
9
What is the value of (-117 - 0) + -328 + 329 + (15 - -2)?
-99
Calculate -38 - -7 - (20 + -20).
-31
(14 - (-19 + 29 + -6)) + 0 + 43
53
-22 - ((8 - 22) + -21) - (1 + 20)
-8
What is the value of 4 + 16 - (-4 - (-13 + (-1 - -19) + -6))?
23
-134 + (66 - -54 - 78)
-92
Evaluate -65 + -18 - (18 - 47 - -27 - (-2 - -10)).
-73
What is 376 + -458 - (28 - 4)?
-106
42 + 16 + -19 + -22
17
What is (-8 - -2 - 111) + (54 - 27)?
-90
What is 6 - (-27 + -8 + 10 + -37)?
68
Calculate -17 - (-21 - 6 - (2 - -8)).
20
Calculate (6 - -3 - (0 - (-16 + -4))) + (-69 - 0).
-80
Evaluate (-7 - -5) + -8 - (22 + -18 + -11).
-3
Evaluate -90 + (-2 - -4) - ((22 - -14) + 4 - 33).
-95
What is the value of (38 - 4) + -17 - -10 - 2?
25
What is 15 + -14 + 65 - ((6 - 10) + 5)?
65
Evaluate -5 + (-5 - 2) + 7 - ((-22 - -8) + 17).
-8
What is the value of 1784 + -1728 - (-4 + 9)?
51
What is 73 - (-15 + (-9 - -20) + -4 + -13 + 7)?
87
What is 63 - (-66 + (-6 - 23 - -56))?
102
Calculate -39 - (0 - (30 - 19) - 38).
10
Calculate 63 - (42 - (19 - (24 + -31))).
47
What is the value of 11 + (-43 - (11 + (14 - 13) + -2))?
-42
Evaluate (-9 - -131) + (-94 - -17).
45
-1 + 0 + -5 + -9 + (43 - 19) + -35
-26
Calculate -2 - -16 - -18 - (2 + -10 + 15).
25
Evaluate (-17 - (10 + -26)) + (-6 - 12) + 6.
-13
(-448 - -430) + (-15 - (-6 + 3))
-30
(-27 - 4) + (25 - -42) - 74
-38
Calculate -13 - (-7 - -56 - 71).
9
141 + 12 + -40 + -71
42
Evaluate 46 - (21 + (-13 - (-9 + 13)) + 4).
38
(-7 - -13) + (-59 - (70 + -145)) + (-1 - 99)
-78
Evaluate 47 - 126 - (-2 + -6 + (0 - 2)).
-69
138 - (1 - -10 - (123 - (179 - 46)))
117
What is the value of (-28 - -23) + (2 - -21)?
18
Calculate 44 - (-7 - -7) - 2 - 0 - (-229 + 217).
54
(1159 - 1087) + 8 + -24
56
What is the value of 5 - (-8 + -2) - (-37 - ((-62 - -32) + 8))?
30
What is the value of -1 + 44 + -3 + 5 - (24 - 13 - -3)?
31
What is the value of (-4 - 8) + -47 + 43 + -24?
-40
Evaluate -18 + -6 - 10 - -19 - 8.
-23
Calculate -9 - 28 - (-18 - -7) - (2 + -6 + -2).
-20
2 - ((1 - -5) + -51 + 27 + -48) - 1
67
What is the value of (5 + -8 - 4) + (443 - 442 - (1 + 69))?
-76
What is ((1 - -15) + (-60 - -47) - 20) + -8?
-25
-6 + (7 - (-41 + (11 - -14))) - -24
41
What is the value of (43 - 67) + 0 + -2 + 1?
-25
What is -20 + (-173 - -140 - 65)?
-118
Evaluate (0 - (-21 + (40 - 2))) + -8.
-25
What is (19 - (-58 - -18)) + -114?
-55
What is 79 + -92 - (-2 - 3)?
-8
Calculate 796 + -903 + (159 - 1).
51
Evaluate 0 + (1 - (-13 + (-7 - 5))) + 9 + 0.
35
What is 89 + 3 + (-28 + 22 - -5) - -14?
105
21 - ((49 - 123) + (-2 - -29))
68
Evaluate 26 + 39 + -84 + -2.
-21
-2 - -21 - 16 - (-5 - (0 + 43))
51
What is the value of (-3 - -19) + -15 - -43?
44
Calculate -2 + 24 + 3 - ((-2 - -61) + -52).
18
Calculate 28 + 57 + -22 + -76 - (33 + -1 + 0).
-45
Evaluate 8 + (2 - (1 - (1 + -5) - -7)) + 8.
6
Calculate 0 + 65 + -2 + (461 + -271 - 210).
43
Evaluate -1 + -18 + -42 + 4 + 16.
-41
What is the value of -4 + (-5 - (-3 - -7)) + (17 + -9 - 22)?
-27
What is the value of -8 + 106 + -33 + -65?
0
Evaluate (11 - 5) + -2 + (1 - -5) + (-76 - -45).
-21
Evaluate -9 - (71 + -44 + 6).
-42
What is the value of -17 + (29 - (5 + -7)) + -39 + -5?
-30
(-24 - ((-12 - -11) + -13)) + -1 + (-1 - 31)
-43
-30 + -22 - -61 - (-2 - (1 - 1) - -11)
0
Evaluate (-3 - (-1 + 0)) + 0 - ((-3 - -119) + -152).
34
What is 4 - (-2 + 24 - -20 - -25)?
-63
17 + -1 + (-14 - (23 + -7) - -28)
14
Evaluate (-18 - 1 - (-322 + 294)) + (0 - 44).
-35
(-9 + 2 - 9) + 9 - (-43 - -1)
35
5 - ((13 - 5) + (10 - -62) + -3)
-72
What is 3 + 0 - 16 - ((152 - 148) + (82 - 2))?
-97
Evaluate -81 + 146 + (-69 - 5).
-9
Evaluate 194 + -101 + (141 - 92).
142
What is the value of (17 - (16 + 20 - 10) - -14) + 4 + 75?
84
Evaluate 33 + 2 + 6 + (8 + -3 - -4).
50
Evaluate -92 + 6 + (-25 - -92).
-19
What is the value of -22 + (5 - 6 - 3) + (-41 - -42) + 0?
-25
(-23 - (-42 - 30)) + -69
-20
Calculate (-102 - (-7 + -94)) + (24 - 1).
22
Evaluate -13 + -43 + 30 + -27 + 78.
25
What is 7 + 227 + -348 - (1 - 26)?
-89
Calculate (-7 - 1) + -1 + -4 + 14 + -20.
-19
Calculate -119 + 146 + (39 - 161).
-95
Evaluate 34 - (-6 - (23 - 10)).
53
Evaluate 21 + -17 - (-5 + (0 - 5 - -15) + -5).
4
Evaluate -10 + 28 - (-13 - -23 - 1).
9
Evaluate 54 + (-12 + -5 - 51).
-14
What is (-11 - -119) + (-23 - -21) + -1 + -8?
97
What is -16 + -21 + -14 + 25 + 12 + 13?
-1
What is the value of (2 + 100 - (22 - (14 + -20))) + (-1 - 9)?
64
What is the value of -1402 + 1427 + (-45 - -1) - 31 - (4 + 0)?
-54
What is 25 - (-11 + 14 + -18 - -23)?
17
What is the value of -10 - -3 - (-81 - -57) - 21?
-4
-74 + 80 + -118 - -66
-46
(-8 - -2 - 0) + -7 + 65 + (-54 - -21)
19
Evaluate -1 - 1 - -3 - (-29 + (-26 - (2 - 18))).
40
-1 + 15 + -64 + 59 + -9 - 6
-6
What is 93 + -105 + (-7 - (-3 - (83 + 7)))?
74
What is the value of -124 + 206 - (-37 - -86)?
33
What is 58 + -1 - (-1746 - -1740)?
63
-11 + 26 + (24 + -22 - -1)
18
Calculate 22 - (8 - 1 - (-157 - -137)).
-5
Evaluate -115 - (67 + -41 + 22 + -4 - 23).
-136
Evaluate -9 + 0 + -303 + 279 - (-2 + (-1 - -9)).
-39
Evaluate 339 - 349 - (0 - -22) - -5.
-27
What is (-11 - -18 - 36) + -10 + -3 + 3?
-39
Evaluate -20 - ((1 - -42) + -86 + -73).
96
(11 + -25 + 26 + -4 - 13) + 26 + 0
21
What is 1 + (-18 - 8) - -27 - (-76 - 4 - -7)?
75
Evaluate -8 + -11 + 18 + (-10 - -4 - 25).
-32
Calculate (89 - 98) + (-2 - (4 + 91)) + -24 + 17.
-113
What is (-9 + -41 - -29) + -92 + 8 + 4 + -1?
-102
Evaluate 48 - (2 + 11 + 11 - 29).
53
What is (-57 - -38) + 32 + (23 + 0 - -5)?
41
Calculate 55 + (4 - (-44 + 85)).
18
Evaluate -101 - (0 + (5 - 11)) - (27 + -42).
-80
Calculate (18 - -1) + -9 + -27 - -48.
31
What is (110 - 14) + (-2 - 14 - (121 + -157))?
116
What is (-15 - 6) + 36 + (-18 - -5) + 0 + 45?
47
-9 + -2 + 44 + -61 + 16
-12
What is -13 - (-797 + 823 - (0 + 30))?
-9
What is 21 + 19 + -17 - 15 - (4 + -103)?
107
Calculate -1 + -1 - ((154 - 162) + (81 - 6)).
-69
Evaluate -41 + (108 - 91) + 27.
3
Evaluate (9 - (-12 + 17 + 70)) + (-9 - (-4 + 2)).
-73
(-2988 - -2995) + -3 + (-1 - (-3 + 1)) + -4
1
What is (1 + -3 - -110) + 1 - (83 - (-19 - -102))?
109
9 - (7 - (55 + -40))
17
-40 + 11 - (-8 - (-4 + -7 + 3))
-29
Evaluate -103 - ((-34 - 51) + 51).
-69
-7 - ((10 - ((11 - -1) + (118 - 120))) + 48)
-55
Evaluate -7 + (-7 - -3) + 55 + (-64 - 11).
-31
What is the value of (192 - 151 - 37) + (56 - 1)?
59
What is the value of 66 - (-79 + 174 + -139)?
110
What is -66 + 2 - (289 + -274 - (-1 + 0) - 5)?
-75
What is (-65 - (4 + -50)) + 39?
20
What is the value of (2 - -94) + -380 + 252?
-32
What is the value of -32 + -20 - -15 - (120 + -57)?
-100
-69 - ((-38 - -62) + -30) - (1 + -14)
-50
Calculate (-106 - -107) + (1 - -4) + (-5 - 35 - -3).
-31
(60 - 27) + (2 - 22) - (24 - 13)
2
Calculate (3 - (-13 + -13)) + -55 + 12.
-14
What is (38 + -88 - (-6 - ((-3 - -1) + 1))) + 5?
-40
Calculate -9 + 0 - -41 - -7 - 14.
25
What is the value of 30 - 6 - (-1511 + 1518)?
17
Evaluate -2 + 47 + -93 + 26 + 64.
42
Calculate (44 - -4) + 15 - 97.
-34
Calculate 29 + 21 + -36 + -14 + -6.
-6
Calculate 105 - (18 - 16) - 15 - (1 + 3).
84
Evaluate (-1 - 120) + (2731 - 2657).
-47
Evaluate -10 - (52 - (-20 - -88)).
6
What is -15 - 96 - -55 - -59?
3
-30 - (-28 - (-7 + -40) - -8)
-57
Evaluate 13 - (-4 + -20 - (15 - (32 + -7)) - 90).
117
Evaluate 2 + (1 + 3 - 1 - 1 - (7 - 2)).
-1
What is -1 + -1 - 38 - (-4 - -6) - (-21808 - -21817)?
-51
Evaluate -61 - 36 - (-60 - 47).
10
What is -34 + (155 - 68) - 66?
-13
What is the value of -2 + (